en l(-9) is divided by 21.
18
Let r = -48 - -75. What is the remainder when r is divided by 10?
7
Let c(b) = b**3 + 2*b**2 - 5*b. Let w be c(4). Suppose -w = -l - 3*l. What is the remainder when l is divided by 10?
9
Let b = 7 + 3. What is the remainder when 19 is divided by b?
9
Suppose 4*a - 5 = 3*a. What is the remainder when 18 is divided by a?
3
Suppose 0 = 5*a - 40 - 30. Suppose -4*v = -3*v - a. Calculate the remainder when 54 is divided by v.
12
Suppose -2*n - 5*d + 3 = -2, -d - 3 = 0. Suppose -54 = -0*b - 2*b. What is the remainder when b is divided by n?
7
Suppose -3*d + 186 = -24. Calculate the remainder when d is divided by 15.
10
Suppose 0 = 5*c - 2*i + i - 92, 0 = -4*c + 3*i + 67. Calculate the remainder when c is divided by 10.
9
Suppose -i + 6 = -12. What is the remainder when 35 is divided by i?
17
Let y(q) = -q + 9. Suppose -3*z + 29 - 8 = 0. Let m be y(z). Suppose 0*o - m*o = -22. What is the remainder when 32 is divided by o?
10
Suppose -4*x - 2*j + 44 = -5*j, 0 = 5*x + 3*j - 28. Let i = 12 + 11. Calculate the remainder when i is divided by x.
7
Suppose -m - 5*l + 163 = 2*m, 0 = 4*l - 8. Calculate the remainder when m is divided by 18.
15
Let l(d) = -3*d**3 - 3*d**2 + 4*d - 1. Suppose -s + 51 = 3*s - t, t = 2*s - 23. What is the remainder when l(-3) is divided by s?
13
Suppose 0 = -r + 2*j - 9 + 37, 5*j = 4*r - 109. Let y = 87 - 11. Calculate the remainder when y is divided by r.
24
Let l(x) = -2*x + 3. Let b = -9 - -19. Suppose 5 = -5*f - b. Calculate the remainder when 25 is divided by l(f).
7
Let n = -8 + 143. Calculate the remainder when n is divided by 35.
30
Let l = 38 + -21. Calculate the remainder when l is divided by 9.
8
Let s(n) = -n**2 + 4*n + 9. Calculate the remainder when s(4) is divided by 5.
4
Suppose 4*o - 170 = -30. Suppose 19*w - 361 = -0*w. What is the remainder when o is divided by w?
16
Let k be 23 - (3 - 1) - 1. Suppose z - k = -3*z. Calculate the remainder when 17/2*(z + -1) is divided by 12.
10
Let a(z) = z - 5. Let o be a(9). Suppose 0 = -o*n - n + 45. Calculate the remainder when 25 is divided by n.
7
Let a = 20 - 1. Calculate the remainder when 75 is divided by a.
18
Let y = 58 + -37. Let o = y - 16. Calculate the remainder when 8 is divided by o.
3
Let r = 120 - 81. Suppose 5*x = 3*g + 48, 4*x - 3*g - r = -0*x. Calculate the remainder when 35 is divided by x.
8
Let k(f) = 13*f + 6. What is the remainder when k(3) is divided by 16?
13
Let r = -1 + -1. Let q(o) = 2*o**2 - o. Let b be q(r). Suppose 4*g = -b + 34. Calculate the remainder when 16 is divided by g.
4
Let a = 12 - 1. Let h be (-7 + 4)*16/(-3). Suppose -5*u + h = -5*f + 136, 108 = 5*f - u. Calculate the remainder when f is divided by a.
10
Suppose -3*s - 10 + 40 = 0. What is the remainder when 16 is divided by s?
6
Let q(j) = 2*j + 17 - 7*j**2 + 8*j**2 - j. What is the remainder when 46 is divided by q(0)?
12
Let j = -1 - -2. Let x(z) = -7 - z + z - j + 3*z. Calculate the remainder when 46 is divided by x(8).
14
Suppose 5*r - 29 - 36 = 0. Calculate the remainder when 22 is divided by r.
9
Let r(b) be the second derivative of b**4/12 + 7*b**3/6 - b**2/2 - 3*b. Calculate the remainder when 25 is divided by r(-8).
4
Let h = 4 + -3. Suppose 4 - 3 = 3*m + p, -2 = p. Let z = h + m. Calculate the remainder when z is divided by 2.
0
Let b(f) be the third derivative of f**4/24 - 29*f**3/6 + 3*f**2. Let l be b(0). What is the remainder when (-1 + l)/(-2 - -1) is divided by 8?
6
Suppose 2*k - 257 = -3*k + 2*d, -4*k + 209 = -5*d. Calculate the remainder when k is divided by 18.
15
Let s = 39 - -22. Suppose 0 = -v - 2*p + 7 + 8, -5*v = -4*p - s. What is the remainder when 50 is divided by v?
11
Let j(d) = 2*d - 7. Calculate the remainder when j(8) is divided by 3.
0
Suppose 3*r + 2*g = -0*g + 514, 0 = -4*r + 5*g + 693. Suppose -5*j + r = 52. Calculate the remainder when 71 is divided by j.
23
Let m(z) = 5*z - 14. What is the remainder when m(4) is divided by 3?
0
Let x = 30 - -5. Suppose -7 = 4*s - x. Suppose m - 4*z - 21 = 0, -4*m - 3*z + s*z = -60. Calculate the remainder when 25 is divided by m.
12
Suppose t + 3 = 2*b - 1, -2*b - 4*t + 24 = 0. Let v(p) = p + 2. Calculate the remainder when v(4) is divided by b.
2
Suppose 0 = -4*k + 4*m + 32, -9 = -4*m + 11. Let z be ((-56)/(-3))/((-10)/(-15)). Let n = z - 21. What is the remainder when k is divided by n?
6
Suppose 0 = -h + 3*k, -6*k = -5*h - 2*k + 22. Calculate the remainder when h is divided by (-7)/(42/12)*-2.
2
Calculate the remainder when 45*(28/(-6) - -5) is divided by 3.
0
Let z(f) = f**2 - 4*f - 9. Let m(o) = o - 4. Let s be m(8). Suppose y + 3*y - 92 = -4*w, -83 = -s*y + 5*w. What is the remainder when y is divided by z(7)?
10
Suppose 5*b + 0*b - 73 = -3*u, -26 = -2*b - 2*u. Calculate the remainder when 32 is divided by b.
15
Let i(r) be the first derivative of r**3/6 - r**2/2 + 3*r + 3. Let o(n) be the first derivative of i(n). What is the remainder when 14 is divided by o(6)?
4
Let j = -6 - -24. Suppose -2*o - o = -j. Calculate the remainder when 16 is divided by o.
4
What is the remainder when 35 is divided by (-172)/(-14) - 30/105?
11
Suppose 20 + 0 = 5*l. Suppose 0 = r - 0*r - l. Calculate the remainder when 11 is divided by r.
3
Let u = 254 - 4. Suppose 2*l - 90 = u. Suppose -4*h + l = h. What is the remainder when h is divided by 18?
16
Suppose 3*i - z = 124, -i + 154 = 2*i + 5*z. What is the remainder when i is divided by 11?
10
Let q = 33 + -26. What is the remainder when 20 is divided by q?
6
Let j be 0 + (-3)/3 - 7. Let t = j + 4. Let g = 7 - t. Calculate the remainder when 20 is divided by g.
9
Let a(p) = 2*p**3 + 17*p**2 + 16*p + 16. What is the remainder when a(-7) is divided by 0 - (-2 + 1) - -12?
12
Let j(y) = y**3 + 5*y**2 - 6*y + 52. Let f(m) = -m**2 + m. Let c(b) = 5*f(b) + j(b). Calculate the remainder when c(0) is divided by 18.
16
Suppose 88 = 3*c + 16. Calculate the remainder when 93 is divided by c.
21
Suppose -2*w = -4*z - 41 + 9, 3*z - 18 = -2*w. What is the remainder when 34 is divided by w?
10
Let q(n) = -n**2 - 16*n + 2. Suppose -3*z = 14 + 31. What is the remainder when q(z) is divided by 9?
8
Let h = 98 - 80. Calculate the remainder when h is divided by 8.
2
Suppose -15 = -m + 4*c, c + 0*c - 1 = 0. Let k = 29 + -19. Calculate the remainder when m is divided by k.
9
Suppose -9 = -2*x + 1. What is the remainder when 8 is divided by x?
3
Let y be (4/(-6))/(10/(-45)). Suppose -y*l = -2*l + 1, 3*l - 78 = -3*m. Calculate the remainder when m is divided by 10.
7
Suppose -2*s = -8*s + 336. What is the remainder when s is divided by 29?
27
Suppose 4*w - 2*p - 6 = 3*p, 5*w + 4*p = -13. Suppose -175 = 3*i + 2*i - 5*l, 3*l = 5*i + 177. Let t = w - i. Calculate the remainder when t is divided by 12.
11
Let c be -22 + 3 - 8/(-4). Let f = -12 - c. Calculate the remainder when 29 is divided by f.
4
Let q = 35 - 10. Suppose -5*u + 20 = 0, 3*r - 40 = -4*u + 15. What is the remainder when q is divided by r?
12
Calculate the remainder when 33/(-11) + (-2 - (-12 - 1)) is divided by 3.
2
Suppose -2*b + 0*b + 8 = 0. Suppose -3*i - 5*c + 86 = 4, b*c - 128 = -5*i. Calculate the remainder when i is divided by 9.
6
Suppose -c = -3*v + 7, -2*c + 7 = 4*v - 29. Suppose 5*o - 23 = -3*l, -l + 3 = 5*o - c. Suppose 0 = 6*s - 63 + 9. Calculate the remainder when s is divided by l.
3
Calculate the remainder when 45 is divided by (-354)/(-15) + (-8)/(-20).
21
Let v = 78 - 38. Calculate the remainder when 76 is divided by v.
36
Let x(u) = -2*u**3 - 4*u**2 - u + 4. Calculate the remainder when x(-3) is divided by 13.
12
Suppose -5*d - 5*n + 90 = 0, -d - 5*n = -12 - 18. Let a = d - -26. What is the remainder when a is divided by 8/(-6)*42/(-4)?
13
Calculate the remainder when ((-9)/5)/(6/(-90)) is divided by 15.
12
Suppose 2*g - 30 = -0*g. Calculate the remainder when 28 is divided by g.
13
Suppose -3*s + 152 = -s. Let r = 35 - 9. Calculate the remainder when s is divided by r.
24
Calculate the remainder when (11 - 8)*7 - -4 is divided by (-13 - 0)*1*-1.
12
Let r = 0 - -2. Suppose r*c - 5*c + 99 = 0. What is the remainder when c is divided by 18?
15
Let f(o) be the first derivative of -o**4/4 + 2*o**3 - o**2 - 8*o - 10. Calculate the remainder when 27 is divided by f(4).
11
Suppose 5*v + 9 - 4